{"id":33202,"date":"2025-10-03T16:35:38","date_gmt":"2025-10-03T14:35:38","guid":{"rendered":"https:\/\/alteriade-clients.alwaysdata.net\/appel\/?page_id=33202"},"modified":"2025-10-03T16:38:17","modified_gmt":"2025-10-03T14:38:17","slug":"mentions-legales","status":"publish","type":"page","link":"https:\/\/alteriade-clients.alwaysdata.net\/appel\/mentions-legales\/","title":{"rendered":"Mentions l\u00e9gales"},"content":{"rendered":"\n<p>En vertu de l\u2019article 6 de la loi n\u00b0&nbsp;2004-575 du 21 juin 2004 pour la confiance dans l\u2019\u00e9conomie num\u00e9rique, il est pr\u00e9cis\u00e9 aux utilisateurs du site&nbsp;<a href=\"http:\/\/www.lappel.org\/\">www.lappel.org<\/a>&nbsp;l\u2019identit\u00e9 des diff\u00e9rents intervenants dans le cadre de sa r\u00e9alisation et de son suivi.<\/p>\n\n\n\n<div style=\"height:41px\" aria-hidden=\"true\" class=\"wp-block-spacer\"><\/div>\n\n\n\n<p><\/p>\n\n\n\n<h3 class=\"wp-block-heading\">Propri\u00e9t\u00e9<\/h3>\n\n\n\n<p><strong><\/strong><br>Le pr\u00e9sent site est la propri\u00e9t\u00e9 de&nbsp;<strong>L\u2019<\/strong><strong>A<\/strong><strong>ppel<\/strong>&nbsp;&#8211; 89 avenue de Flandre &#8211; 75019 Paris &#8211; association@lappel.org.<br><strong>L\u2019<\/strong><strong>A<\/strong><strong>ppel<\/strong>&nbsp;est une association de loi 1901 d\u00e9clar\u00e9e au Journal officiel le 17 avril 1968.<\/p>\n\n\n\n<p><em>N\u00b0&nbsp;Siret :778 133 736 00034<\/em><\/p>\n\n\n\n<div style=\"height:33px\" aria-hidden=\"true\" class=\"wp-block-spacer\"><\/div>\n\n\n\n<p><\/p>\n\n\n\n<h3 class=\"wp-block-heading\">H\u00e9bergement<\/h3>\n\n\n\n<p>Le site est h\u00e9berg\u00e9 chez OVH&nbsp;: OVH \u2013 140 quai Sartel, 59100 Roubaix \u2013&nbsp;<a href=\"http:\/\/www.ovh.com\/\">www.ovh.com<\/a><\/p>\n\n\n\n<div style=\"height:36px\" aria-hidden=\"true\" class=\"wp-block-spacer\"><\/div>\n\n\n\n<p><\/p>\n\n\n\n<h3 class=\"wp-block-heading\">Responsabilit\u00e9s \u00e9ditoriales<\/h3>\n\n\n\n<ul class=\"wp-block-list\">\n<li>Directrice de publication&nbsp;: Th\u00e9r\u00e8se GUICHARD-GAUDIN, Pr\u00e9sidente<\/li>\n\n\n\n<li>Responsable de r\u00e9daction et webmaster&nbsp;: Nora TAOURIRT, Charg\u00e9e de l\u2019organisation op\u00e9rationnelle de l\u2019association &#8211; association@lappel.org<\/li>\n<\/ul>\n\n\n\n<div style=\"height:36px\" aria-hidden=\"true\" class=\"wp-block-spacer\"><\/div>\n\n\n\n<p><\/p>\n\n\n\n<h3 class=\"wp-block-heading\">Droit \u00e0 l\u2019image<\/h3>\n\n\n\n<p>Les photographies pr\u00e9sent\u00e9es sur ce site sont prot\u00e9g\u00e9es par le Code de la propri\u00e9t\u00e9 intellectuelle et artistique. Sauf mention contraire, toutes les photographies du site sont la propri\u00e9t\u00e9 de&nbsp;<strong>L\u2019<\/strong><strong>A<\/strong><strong>ppel<\/strong>&nbsp;ou de leurs auteurs.<\/p>\n\n\n\n<p>De plus,&nbsp;<strong>L\u2019Appel<\/strong>&nbsp;s\u2019efforce de ne diffuser que des photos et vid\u00e9os sur lesquels n\u2019apparaissent principalement que des personnes ayant donn\u00e9 leur autorisation. Cependant, vous pouvez appara\u00eetre de mani\u00e8re involontaire sur certains des clich\u00e9s. Ces photos seront retir\u00e9es sur simple demande.<\/p>\n","protected":false},"excerpt":{"rendered":"<p>En vertu de l\u2019article 6 de la loi n\u00b0&nbsp;2004-575 du 21 juin 2004 pour la confiance dans l\u2019\u00e9conomie num\u00e9rique, il est pr\u00e9cis\u00e9 aux utilisateurs du site&nbsp;www.lappel.org&nbsp;l\u2019identit\u00e9 des diff\u00e9rents intervenants dans le cadre de sa r\u00e9alisation et de son suivi. Propri\u00e9t\u00e9 Le pr\u00e9sent site est la propri\u00e9t\u00e9 de&nbsp;L\u2019Appel&nbsp;&#8211; 89 avenue de Flandre &#8211; 75019 Paris &#8211; [&hellip;]<\/p>\n","protected":false},"author":2,"featured_media":0,"parent":0,"menu_order":0,"comment_status":"closed","ping_status":"closed","template":"","meta":{"_acf_changed":false,"footnotes":""},"class_list":["post-33202","page","type-page","status-publish","hentry","entry"],"acf":[],"yoast_head":"<!-- This site is optimized with the Yoast SEO plugin v26.1 - https:\/\/yoast.com\/wordpress\/plugins\/seo\/ -->\n<title>Mentions l\u00e9gales - Association humanitaire L&#039;Appel et parrainages d&#039;enfants<\/title>\n<meta name=\"description\" content=\"En vertu de l\u2019article 6 de la loi n\u00b0 2004-575 du 21 juin 2004 pour la confiance dans l\u2019\u00e9conomie num\u00e9rique, L&#039;Appel pr\u00e9cise ...\" \/>\n<meta name=\"robots\" content=\"noindex, follow, max-snippet:-1, max-image-preview:large, max-video-preview:-1\" \/>\n<meta property=\"og:locale\" content=\"fr_FR\" \/>\n<meta property=\"og:type\" content=\"article\" \/>\n<meta property=\"og:title\" content=\"Mentions l\u00e9gales - Association humanitaire L&#039;Appel et parrainages d&#039;enfants\" \/>\n<meta property=\"og:description\" content=\"En vertu de l\u2019article 6 de la loi n\u00b0 2004-575 du 21 juin 2004 pour la confiance dans l\u2019\u00e9conomie num\u00e9rique, L&#039;Appel pr\u00e9cise ...\" \/>\n<meta property=\"og:url\" content=\"https:\/\/alteriade-clients.alwaysdata.net\/appel\/mentions-legales\/\" \/>\n<meta property=\"og:site_name\" content=\"Association humanitaire L&#039;Appel et parrainages d&#039;enfants\" \/>\n<meta property=\"article:modified_time\" content=\"2025-10-03T14:38:17+00:00\" \/>\n<meta name=\"twitter:card\" content=\"summary_large_image\" \/>\n<meta name=\"twitter:label1\" content=\"Dur\u00e9e de lecture estim\u00e9e\" \/>\n\t<meta name=\"twitter:data1\" content=\"2 minutes\" \/>\n<script type=\"application\/ld+json\" class=\"yoast-schema-graph\">{\"@context\":\"https:\/\/schema.org\",\"@graph\":[{\"@type\":\"WebPage\",\"@id\":\"https:\/\/alteriade-clients.alwaysdata.net\/appel\/mentions-legales\/\",\"url\":\"https:\/\/alteriade-clients.alwaysdata.net\/appel\/mentions-legales\/\",\"name\":\"Mentions l\u00e9gales - Association humanitaire L&#039;Appel et parrainages d&#039;enfants\",\"isPartOf\":{\"@id\":\"https:\/\/alteriade-clients.alwaysdata.net\/appel\/#website\"},\"datePublished\":\"2025-10-03T14:35:38+00:00\",\"dateModified\":\"2025-10-03T14:38:17+00:00\",\"description\":\"En vertu de l\u2019article 6 de la loi n\u00b0 2004-575 du 21 juin 2004 pour la confiance dans l\u2019\u00e9conomie num\u00e9rique, L'Appel pr\u00e9cise ...\",\"breadcrumb\":{\"@id\":\"https:\/\/alteriade-clients.alwaysdata.net\/appel\/mentions-legales\/#breadcrumb\"},\"inLanguage\":\"fr-FR\",\"potentialAction\":[{\"@type\":\"ReadAction\",\"target\":[\"https:\/\/alteriade-clients.alwaysdata.net\/appel\/mentions-legales\/\"]}]},{\"@type\":\"BreadcrumbList\",\"@id\":\"https:\/\/alteriade-clients.alwaysdata.net\/appel\/mentions-legales\/#breadcrumb\",\"itemListElement\":[{\"@type\":\"ListItem\",\"position\":1,\"name\":\"Accueil\",\"item\":\"https:\/\/alteriade-clients.alwaysdata.net\/appel\/\"},{\"@type\":\"ListItem\",\"position\":2,\"name\":\"Mentions l\u00e9gales\"}]},{\"@type\":\"WebSite\",\"@id\":\"https:\/\/alteriade-clients.alwaysdata.net\/appel\/#website\",\"url\":\"https:\/\/alteriade-clients.alwaysdata.net\/appel\/\",\"name\":\"Association humanitaire l'Appel et parrainages d'enfants\",\"description\":\"Solidarit\u00e9 avec les enfants du monde\",\"publisher\":{\"@id\":\"https:\/\/alteriade-clients.alwaysdata.net\/appel\/#organization\"},\"alternateName\":\"L'Appel\",\"potentialAction\":[{\"@type\":\"SearchAction\",\"target\":{\"@type\":\"EntryPoint\",\"urlTemplate\":\"https:\/\/alteriade-clients.alwaysdata.net\/appel\/?s={search_term_string}\"},\"query-input\":{\"@type\":\"PropertyValueSpecification\",\"valueRequired\":true,\"valueName\":\"search_term_string\"}}],\"inLanguage\":\"fr-FR\"},{\"@type\":\"Organization\",\"@id\":\"https:\/\/alteriade-clients.alwaysdata.net\/appel\/#organization\",\"name\":\"Association humanitaire L'Appel et parrainages d'enfants\",\"url\":\"https:\/\/alteriade-clients.alwaysdata.net\/appel\/\",\"logo\":{\"@type\":\"ImageObject\",\"inLanguage\":\"fr-FR\",\"@id\":\"https:\/\/alteriade-clients.alwaysdata.net\/appel\/#\/schema\/logo\/image\/\",\"url\":\"https:\/\/alteriade-clients.alwaysdata.net\/appel\/wp-content\/uploads\/2020\/09\/Logo-web.png\",\"contentUrl\":\"https:\/\/alteriade-clients.alwaysdata.net\/appel\/wp-content\/uploads\/2020\/09\/Logo-web.png\",\"width\":1834,\"height\":1333,\"caption\":\"Association humanitaire L'Appel et parrainages d'enfants\"},\"image\":{\"@id\":\"https:\/\/alteriade-clients.alwaysdata.net\/appel\/#\/schema\/logo\/image\/\"}}]}<\/script>\n<!-- \/ Yoast SEO plugin. -->","yoast_head_json":{"title":"Mentions l\u00e9gales - Association humanitaire L&#039;Appel et parrainages d&#039;enfants","description":"En vertu de l\u2019article 6 de la loi n\u00b0 2004-575 du 21 juin 2004 pour la confiance dans l\u2019\u00e9conomie num\u00e9rique, L'Appel pr\u00e9cise ...","robots":{"index":"noindex","follow":"follow","max-snippet":"max-snippet:-1","max-image-preview":"max-image-preview:large","max-video-preview":"max-video-preview:-1"},"og_locale":"fr_FR","og_type":"article","og_title":"Mentions l\u00e9gales - Association humanitaire L&#039;Appel et parrainages d&#039;enfants","og_description":"En vertu de l\u2019article 6 de la loi n\u00b0 2004-575 du 21 juin 2004 pour la confiance dans l\u2019\u00e9conomie num\u00e9rique, L'Appel pr\u00e9cise ...","og_url":"https:\/\/alteriade-clients.alwaysdata.net\/appel\/mentions-legales\/","og_site_name":"Association humanitaire L&#039;Appel et parrainages d&#039;enfants","article_modified_time":"2025-10-03T14:38:17+00:00","twitter_card":"summary_large_image","twitter_misc":{"Dur\u00e9e de lecture estim\u00e9e":"2 minutes"},"schema":{"@context":"https:\/\/schema.org","@graph":[{"@type":"WebPage","@id":"https:\/\/alteriade-clients.alwaysdata.net\/appel\/mentions-legales\/","url":"https:\/\/alteriade-clients.alwaysdata.net\/appel\/mentions-legales\/","name":"Mentions l\u00e9gales - Association humanitaire L&#039;Appel et parrainages d&#039;enfants","isPartOf":{"@id":"https:\/\/alteriade-clients.alwaysdata.net\/appel\/#website"},"datePublished":"2025-10-03T14:35:38+00:00","dateModified":"2025-10-03T14:38:17+00:00","description":"En vertu de l\u2019article 6 de la loi n\u00b0 2004-575 du 21 juin 2004 pour la confiance dans l\u2019\u00e9conomie num\u00e9rique, L'Appel pr\u00e9cise ...","breadcrumb":{"@id":"https:\/\/alteriade-clients.alwaysdata.net\/appel\/mentions-legales\/#breadcrumb"},"inLanguage":"fr-FR","potentialAction":[{"@type":"ReadAction","target":["https:\/\/alteriade-clients.alwaysdata.net\/appel\/mentions-legales\/"]}]},{"@type":"BreadcrumbList","@id":"https:\/\/alteriade-clients.alwaysdata.net\/appel\/mentions-legales\/#breadcrumb","itemListElement":[{"@type":"ListItem","position":1,"name":"Accueil","item":"https:\/\/alteriade-clients.alwaysdata.net\/appel\/"},{"@type":"ListItem","position":2,"name":"Mentions l\u00e9gales"}]},{"@type":"WebSite","@id":"https:\/\/alteriade-clients.alwaysdata.net\/appel\/#website","url":"https:\/\/alteriade-clients.alwaysdata.net\/appel\/","name":"Association humanitaire l'Appel et parrainages d'enfants","description":"Solidarit\u00e9 avec les enfants du monde","publisher":{"@id":"https:\/\/alteriade-clients.alwaysdata.net\/appel\/#organization"},"alternateName":"L'Appel","potentialAction":[{"@type":"SearchAction","target":{"@type":"EntryPoint","urlTemplate":"https:\/\/alteriade-clients.alwaysdata.net\/appel\/?s={search_term_string}"},"query-input":{"@type":"PropertyValueSpecification","valueRequired":true,"valueName":"search_term_string"}}],"inLanguage":"fr-FR"},{"@type":"Organization","@id":"https:\/\/alteriade-clients.alwaysdata.net\/appel\/#organization","name":"Association humanitaire L'Appel et parrainages d'enfants","url":"https:\/\/alteriade-clients.alwaysdata.net\/appel\/","logo":{"@type":"ImageObject","inLanguage":"fr-FR","@id":"https:\/\/alteriade-clients.alwaysdata.net\/appel\/#\/schema\/logo\/image\/","url":"https:\/\/alteriade-clients.alwaysdata.net\/appel\/wp-content\/uploads\/2020\/09\/Logo-web.png","contentUrl":"https:\/\/alteriade-clients.alwaysdata.net\/appel\/wp-content\/uploads\/2020\/09\/Logo-web.png","width":1834,"height":1333,"caption":"Association humanitaire L'Appel et parrainages d'enfants"},"image":{"@id":"https:\/\/alteriade-clients.alwaysdata.net\/appel\/#\/schema\/logo\/image\/"}}]}},"_links":{"self":[{"href":"https:\/\/alteriade-clients.alwaysdata.net\/appel\/wp-json\/wp\/v2\/pages\/33202","targetHints":{"allow":["GET"]}}],"collection":[{"href":"https:\/\/alteriade-clients.alwaysdata.net\/appel\/wp-json\/wp\/v2\/pages"}],"about":[{"href":"https:\/\/alteriade-clients.alwaysdata.net\/appel\/wp-json\/wp\/v2\/types\/page"}],"author":[{"embeddable":true,"href":"https:\/\/alteriade-clients.alwaysdata.net\/appel\/wp-json\/wp\/v2\/users\/2"}],"replies":[{"embeddable":true,"href":"https:\/\/alteriade-clients.alwaysdata.net\/appel\/wp-json\/wp\/v2\/comments?post=33202"}],"version-history":[{"count":4,"href":"https:\/\/alteriade-clients.alwaysdata.net\/appel\/wp-json\/wp\/v2\/pages\/33202\/revisions"}],"predecessor-version":[{"id":33207,"href":"https:\/\/alteriade-clients.alwaysdata.net\/appel\/wp-json\/wp\/v2\/pages\/33202\/revisions\/33207"}],"wp:attachment":[{"href":"https:\/\/alteriade-clients.alwaysdata.net\/appel\/wp-json\/wp\/v2\/media?parent=33202"}],"curies":[{"name":"wp","href":"https:\/\/api.w.org\/{rel}","templated":true}]}}

Mentions légales

<p>En vertu de l’article 6 de la loi n°&nbsp;2004-575 du 21 juin 2004 pour la confiance dans l’économie numérique, il est précisé aux utilisateurs du site&nbsp;<a href="http://www.lappel.org/">www.lappel.org</a>&nbsp;l’identité des différents intervenants dans le cadre de sa réalisation et de son suivi.</p>



<div style="height:41px" aria-hidden="true" class="wp-block-spacer"></div>



<p></p>



<h3 class="wp-block-heading">Propriété</h3>



<p><strong></strong><br>Le présent site est la propriété de&nbsp;<strong>L’</strong><strong>A</strong><strong>ppel</strong>&nbsp;&#8211; 89 avenue de Flandre &#8211; 75019 Paris &#8211; association@lappel.org.<br><strong>L’</strong><strong>A</strong><strong>ppel</strong>&nbsp;est une association de loi 1901 déclarée au Journal officiel le 17 avril 1968.</p>



<p><em>N°&nbsp;Siret :778 133 736 00034</em></p>



<div style="height:33px" aria-hidden="true" class="wp-block-spacer"></div>



<p></p>



<h3 class="wp-block-heading">Hébergement</h3>



<p>Le site est hébergé chez OVH&nbsp;: OVH – 140 quai Sartel, 59100 Roubaix –&nbsp;<a href="http://www.ovh.com/">www.ovh.com</a></p>



<div style="height:36px" aria-hidden="true" class="wp-block-spacer"></div>



<p></p>



<h3 class="wp-block-heading">Responsabilités éditoriales</h3>



<ul class="wp-block-list">
<li>Directrice de publication&nbsp;: Thérèse GUICHARD-GAUDIN, Présidente</li>



<li>Responsable de rédaction et webmaster&nbsp;: Nora TAOURIRT, Chargée de l’organisation opérationnelle de l’association &#8211; association@lappel.org</li>
</ul>



<div style="height:36px" aria-hidden="true" class="wp-block-spacer"></div>



<p></p>



<h3 class="wp-block-heading">Droit à l’image</h3>



<p>Les photographies présentées sur ce site sont protégées par le Code de la propriété intellectuelle et artistique. Sauf mention contraire, toutes les photographies du site sont la propriété de&nbsp;<strong>L’</strong><strong>A</strong><strong>ppel</strong>&nbsp;ou de leurs auteurs.</p>



<p>De plus,&nbsp;<strong>L’Appel</strong>&nbsp;s’efforce de ne diffuser que des photos et vidéos sur lesquels n’apparaissent principalement que des personnes ayant donné leur autorisation. Cependant, vous pouvez apparaître de manière involontaire sur certains des clichés. Ces photos seront retirées sur simple demande.</p>

<p>En vertu de l’article 6 de la loi n°&nbsp;2004-575 du 21 juin 2004 pour la confiance dans l’économie numérique, il est précisé aux utilisateurs du site&nbsp;www.lappel.org&nbsp;l’identité des différents intervenants dans le cadre de sa réalisation et de son suivi. Propriété Le présent site est la propriété de&nbsp;L’Appel&nbsp;&#8211; 89 avenue de Flandre &#8211; 75019 Paris &#8211; [&hellip;]</p>

<!-- This site is optimized with the Yoast SEO plugin v26.1 - https://yoast.com/wordpress/plugins/seo/ -->
<title>Mentions légales - Association humanitaire L&#039;Appel et parrainages d&#039;enfants</title>
<meta name="description" content="En vertu de l’article 6 de la loi n° 2004-575 du 21 juin 2004 pour la confiance dans l’économie numérique, L&#039;Appel précise ..." />
<meta name="robots" content="noindex, follow, max-snippet:-1, max-image-preview:large, max-video-preview:-1" />
<meta property="og:locale" content="fr_FR" />
<meta property="og:type" content="article" />
<meta property="og:title" content="Mentions légales - Association humanitaire L&#039;Appel et parrainages d&#039;enfants" />
<meta property="og:description" content="En vertu de l’article 6 de la loi n° 2004-575 du 21 juin 2004 pour la confiance dans l’économie numérique, L&#039;Appel précise ..." />
<meta property="og:url" content="https://alteriade-clients.alwaysdata.net/appel/mentions-legales/" />
<meta property="og:site_name" content="Association humanitaire L&#039;Appel et parrainages d&#039;enfants" />
<meta property="article:modified_time" content="2025-10-03T14:38:17+00:00" />
<meta name="twitter:card" content="summary_large_image" />
<meta name="twitter:label1" content="Durée de lecture estimée" />
	<meta name="twitter:data1" content="2 minutes" />
<script type="application/ld+json" class="yoast-schema-graph">{"@context":"https://schema.org","@graph":[{"@type":"WebPage","@id":"https://alteriade-clients.alwaysdata.net/appel/mentions-legales/","url":"https://alteriade-clients.alwaysdata.net/appel/mentions-legales/","name":"Mentions légales - Association humanitaire L&#039;Appel et parrainages d&#039;enfants","isPartOf":{"@id":"https://alteriade-clients.alwaysdata.net/appel/#website"},"datePublished":"2025-10-03T14:35:38+00:00","dateModified":"2025-10-03T14:38:17+00:00","description":"En vertu de l’article 6 de la loi n° 2004-575 du 21 juin 2004 pour la confiance dans l’économie numérique, L'Appel précise ...","breadcrumb":{"@id":"https://alteriade-clients.alwaysdata.net/appel/mentions-legales/#breadcrumb"},"inLanguage":"fr-FR","potentialAction":[{"@type":"ReadAction","target":["https://alteriade-clients.alwaysdata.net/appel/mentions-legales/"]}]},{"@type":"BreadcrumbList","@id":"https://alteriade-clients.alwaysdata.net/appel/mentions-legales/#breadcrumb","itemListElement":[{"@type":"ListItem","position":1,"name":"Accueil","item":"https://alteriade-clients.alwaysdata.net/appel/"},{"@type":"ListItem","position":2,"name":"Mentions légales"}]},{"@type":"WebSite","@id":"https://alteriade-clients.alwaysdata.net/appel/#website","url":"https://alteriade-clients.alwaysdata.net/appel/","name":"Association humanitaire l'Appel et parrainages d'enfants","description":"Solidarité avec les enfants du monde","publisher":{"@id":"https://alteriade-clients.alwaysdata.net/appel/#organization"},"alternateName":"L'Appel","potentialAction":[{"@type":"SearchAction","target":{"@type":"EntryPoint","urlTemplate":"https://alteriade-clients.alwaysdata.net/appel/?s={search_term_string}"},"query-input":{"@type":"PropertyValueSpecification","valueRequired":true,"valueName":"search_term_string"}}],"inLanguage":"fr-FR"},{"@type":"Organization","@id":"https://alteriade-clients.alwaysdata.net/appel/#organization","name":"Association humanitaire L'Appel et parrainages d'enfants","url":"https://alteriade-clients.alwaysdata.net/appel/","logo":{"@type":"ImageObject","inLanguage":"fr-FR","@id":"https://alteriade-clients.alwaysdata.net/appel/#/schema/logo/image/","url":"https://alteriade-clients.alwaysdata.net/appel/wp-content/uploads/2020/09/Logo-web.png","contentUrl":"https://alteriade-clients.alwaysdata.net/appel/wp-content/uploads/2020/09/Logo-web.png","width":1834,"height":1333,"caption":"Association humanitaire L'Appel et parrainages d'enfants"},"image":{"@id":"https://alteriade-clients.alwaysdata.net/appel/#/schema/logo/image/"}}]}</script>
<!-- / Yoast SEO plugin. -->

Mentions légales - Association humanitaire L&#039;Appel et parrainages d&#039;enfants

En vertu de l’article 6 de la loi n° 2004-575 du 21 juin 2004 pour la confiance dans l’économie numérique, L'Appel précise ...

Solidarité avec les enfants du monde
